 q(x) = x**3 - 17*x**2 + 1. Let v be q(17). Let h be j(v). What are the prime factors of ((-16)/(-6))/(h/(-231))?
2, 7
Let z be -1 - 0*(-3 - -2). Let b be 3 + -2 + (54 - z). Suppose -3*l + b + 1 = 0. List the prime factors of l.
19
What are the prime factors of 32/320 + (-117756)/(-40)?
2, 23
Suppose -2*s = 2*s - 636. Let t = 9 + s. Suppose -3*r - 4 = r, -2*r = 5*q - t. What are the prime factors of q?
2, 17
Let h be (1 + 0 + 1)*4953/78. Let p = 213 - h. List the prime factors of p.
2, 43
Let p(b) = -b**2 - 5*b + 7. Let o be p(-6). Let n be (-3)/(-9)*3*o. Suppose -10 + n = -h. List the prime factors of h.
3
Let n = 15 + -11. Let u(h) = 17*h - 7. Let w be u(n). What are the prime factors of (-40)/50*(1 - w)?
2, 3
Let y = -16 + -29. Let g = -50 + 23. Let b = g - y. What are the prime factors of b?
2, 3
Let h(u) be the second derivative of u**4/6 - 7*u**3/3 - 11*u**2 - 17*u. What are the prime factors of h(12)?
2, 7
Let y(g) = 2*g - 9. Suppose -2 = -3*s + 13. Suppose 0*p - f = -s*p + 45, -5*p = 3*f - 45. What are the prime factors of y(p)?
3
Let j be (1 + 0)*(-38)/(-2). Suppose -y - 2*c + j = 0, 2*y + 2*c - c = 23. What are the prime factors of y?
3
What are the prime factors of (726/10)/((-13)/(-130))?
2, 3, 11
Let h = 103 + 3. Let q = -65 + h. What are the prime factors of q?
41
Let d(u) be the second derivative of 3*u**5/20 + u**4/6 - 7*u**3/6 + u**2 - 18*u. List the prime factors of d(4).
2, 3, 11
Let a(j) = 17*j**2 + 4*j - 11. List the prime factors of a(-5).
2, 197
Suppose -73*g = -48*g - 13950. List the prime factors of g.
2, 3, 31
Suppose 0 = q - 6*q + 30. Let j(b) = 16*b - 27. What are the prime factors of j(q)?
3, 23
Suppose -938 = -4*q + 1170. Let s = -337 + q. List the prime factors of s.
2, 5, 19
Let g be 7/35 - 12/(-15). Let x be ((g - 3) + 2)/(-2). Let p = 12 - x. List the prime factors of p.
2, 3
Suppose 70*y + 39 = 73*y. Suppose -203 - 434 = -y*l. What are the prime factors of l?
7
Let g = -65 - -68. Let w = 273 + -103. Suppose -g*s - 2*s = -w. What are the prime factors of s?
2, 17
Let a(n) = 6*n - 2. Let w be a(1). Suppose -w = -3*v - 85. What are the prime factors of 119/9 - (-6)/v?
13
Suppose 5*j - 2*f + 6*f - 793 = 0, 0 = -5*j + 3*f + 814. List the prime factors of j.
7, 23
Let y(f) = -2*f**2 + 24*f + 29. Let n be y(13). Suppose -n*v + 216 = -v. What are the prime factors of v?
2, 3
Suppose 0 = -3*g - 9*g + 504. List the prime factors of g.
2, 3, 7
What are the prime factors of 1/1 + 342 - (-74 - -78)?
3, 113
Suppose -7084 = -9*k - 2*k. List the prime factors of k.
2, 7, 23
Let q(n) = -2*n + 8. Let x be q(3). What are the prime factors of (-124)/(1/x*2 + -3)?
2, 31
Suppose x - g - 2*g + 9 = 0, g = -2*x - 39. Let c be 616/(-33)*x/4. Suppose 0 = -3*p + 6*p - c. What are the prime factors of p?
2, 7
Suppose -4*j + 2*d + 2570 = 0, 5*j + d = 5*d + 3205. List the prime factors of j.
3, 5, 43
Suppose -32*v + 5612 + 13396 = 0. What are the prime factors of v?
2, 3, 11
Suppose 0 = -0*b + b + 113. Let l = 208 + b. Suppose 4*q = -q + l. What are the prime factors of q?
19
Let p be (9 + -4 - 0)*(2 + -1). Let o(i) = 4*i**3 - 1. Let f be o(1). Suppose f*j + 12 = 0, -3*x = -0*x - p*j - 65. What are the prime factors of x?
3, 5
Let d(i) = 8*i**2 - 55. What are the prime factors of d(9)?
593
Suppose 8*k = 13*k - 20. Suppose k = v + 2, 0 = 5*o + 2*v - 314. What are the prime factors of o?
2, 31
Let y be (-2)/(-6) - 200/(-12). Suppose -y = -6*k + 37. List the prime factors of k.
3
Suppose 10*w + 17*w - 30213 = 0. What are the prime factors of w?
3, 373
Let a = 95 + -96. List the prime factors of (a - 1)*(-284)/8.
71
Suppose 655 = 3*g - 5*v, 0 = 2*g - 5*g + v + 635. List the prime factors of g.
2, 3, 5, 7
Let d = 1181 - 603. List the prime factors of d.
2, 17
Let z = 25 + -23. What are the prime factors of -7*((-4)/2 - z)?
2, 7
Let y = 15 + -6. Let f = -5 + y. What are the prime factors of 4/((-4)/(-49)) - f?
3, 5
Let n be (-3)/(-4) + 2004/16. Let y = n - 58. Suppose 2*p - 6*p + y = 0. List the prime factors of p.
17
Suppose 2*h = 61 - 63, -2*h = 3*j - 3520. List the prime factors of j.
2, 587
Let r = 13 + 0. Let d(q) = -3*q + 6. Let h be d(r). Let x = -18 - h. What are the prime factors of x?
3, 5
Let a(u) = u**3 - u**2 - u - 1. Suppose 2*f = -f. Let l be a(f). What are the prime factors of (-1)/((-1)/(-13)*l)?
13
What are the prime factors of (366/(-16)*-2)/((-129)/(-1376))?
2, 61
Suppose -4*x + 2146 = 5*z, -3 = 4*x + 1. List the prime factors of z.
2, 5, 43
Let x be 0/1 + 3 + -17. Let p = x + 61. What are the prime factors of p?
47
Suppose 70 = 3*s + 2*s. Let a = s + -10. Suppose 88 - 8 = a*l. What are the prime factors of l?
2, 5
Let w(r) = 2*r + 7. Let f be (-2)/10 + (-138)/(-15). Let c be w(f). Suppose -2*b - 5*m + 97 = 2*b, c = b + 2*m. What are the prime factors of b?
23
Suppose -4*g - g = 0. Suppose s + 4*h = -g*s + 14, 5*h = 5*s + 30. What are the prime factors of 66/s*4/(-4)?
3, 11
Suppose 0 = -4*z + 8*z. Suppose 3*x + 4*q - 9 = 11, x - q + 5 = z. Let f(w) = -w**2 - w + 4. List the prime factors of f(x).
2
Let i(s) = 2*s**3 - 13*s**2 - 8*s + 8. Let j be i(7). Let u(m) be the third derivative of m**5/5 - m**4/12 + m**3/6 + m**2. List the prime factors of u(j).
11
Suppose -3*s = -5 - 4. Let o(n) be the first derivative of 4*n**3/3 - n**2 - 3*n + 6. List the prime factors of o(s).
3
Let s(b) = -9*b**3 + 3*b**2 - 3*b + 2. List the prime factors of s(-5).
1217
Let k(s) = -s**3 - s**2 - 4*s. Let y be k(-5). Suppose 25 = 5*x - y. What are the prime factors of x?
29
Let p be ((-7515)/12)/3*-4. Suppose -4*m - p = -9*m. List the prime factors of m.
167
Suppose 5*i - 70 = n + 102, -2*n - 334 = -5*i. Let d = -95 - n. What are the prime factors of d?
67
Let j(y) be the second derivative of -y**5/20 + 46*y**2 + 36*y. List the prime factors of j(0).
2, 23
Suppose -8700 = -37*q + 22*q. List the prime factors of q.
2, 5, 29
Suppose 0 = 17*j - 6*j - 16896. List the prime factors of j.
2, 3
Suppose 0*y = -y + 204. What are the prime factors of 6/9*y/8?
17
Let a(x) = 1252*x**2 - x + 2. List the prime factors of a(1).
7, 179
Let o(k) = -4*k - 29. Let m be o(-8). Suppose -3*f = 5*i - 148, -3*i + 142 = m*f - i. What are the prime factors of f?
2, 23
What are the prime factors of (-1)/2 - 11/((-88)/1404)?
5, 7
Suppose 63*z + 4*z - 23115 = 0. List the prime factors of z.
3, 5, 23
Suppose 3*j + n = 8, 16 = 9*j - 4*j + 3*n. What are the prime factors of -2 + j + 150/5?
2, 3, 5
Let c be ((-3)/(-2))/(15/130). Suppose 15*f = c*f + 44. List the prime factors of f.
2, 11
Suppose -3*b - 20 = 2*b. Let r be -2 - (-2 - -266)/b. Let w = 124 - r. What are the prime factors of w?
2, 3, 5
Suppose 37 - 12 = -3*o - 5*w, 5*o + 2*w = -10. List the prime factors of (16/(-1))/((-6)/51 - o).
2, 17
List the prime factors of 1/((-4)/6456*-3).
2, 269
Suppose -v = 2*z - 360, 3*v = -5*z - 254 + 1332. Suppose -6*h + 3*h - k + v = 0, k - 120 = -h. List the prime factors of h.
2, 59
Suppose 89*t + 86016 = 103*t. What are the prime factors of t?
2, 3
Let h(q) = -2*q**3 - 2*q - 2. Let v be h(-1). Let x(g) = -5*g**2 + 3*g - 2 + 21*g**v + 3*g - 3*g. What are the prime factors of x(2)?
2, 17
Suppose -3*a - 2*a = -30. Suppose 4*m + 10 = 3*b - 2, 4*m + 4*b = 16. Suppose m = -2*k + a*k - 84. What are the prime factors of k?
3, 7
Suppose -k + 15 = -4*q, 3*k - 43 = k - 5*q. Let o = k + -13. Suppose -3*y - o*d + 18 = -4*d, -3*d = 2*y - 7. List the prime factors of y.
2
Let k(h) = h**2 - h - 1. Let l(r) = -7*r**2 + 8*r + 14. Let s(c) = -6*k(c) - l(c). List the prime factors of s(7).
3
Let r(x) = 10*x**2 - 12*x - 37. What are the prime factors of r(17)?
3, 883
Suppose 4*c - 8*c = 5*p - 963, -4*p = -3*c + 761. What are the prime factors of c?
13, 19
Suppose 4*d + 48 = -44. What are the prime factors of (d - -73) + (-3 - 0)?
47
Let g = -18 + 13. Let w(y) = 1. Let q(x) = x - 3. Let i(t) = g*w(t) - 2*q(t). List the prime factors of i(-12).
5
Let d(n) = -2*n + 5. Let l be d(1). Let p(s) be the first derivative of s**4/4 - 2*s**3/3 - 3*s + 1. List the prime factors of p(l).
2, 3
Suppose 193 = -18*s - 635. Let t = 19 - s. List the prime factors of t.
5, 13
Suppose 0*i - 56 = w - 4*i, -2*i = 0. Let p = -49 - w. What are the prime factors of p?
7
Let o be (-1 + 136/(-12))*3. Suppose -4*d + 190 = -46. Let